Suppose -7387*w = -7389*w + 18604. List the prime factors of w.
2, 4651
Let c = 28983 + 5583. Suppose 0 = 25*i - c - 2909. What are the prime factors of i?
1499
Let r = 64894 - 44734. What are the prime factors of r?
2, 3, 5, 7
Suppose -4*y - 5*t - 56 = 0, 4*y - 5*t + 6 + 10 = 0. Let s(k) = -7*k - 15. Let l be s(y). List the prime factors of (l/(-5))/((-30)/400).
2
Let c = -5200 + 9505. Suppose c = 3*q + 3*p, -1433 = 3*q - 4*q - 2*p. List the prime factors of q.
3, 479
Suppose k + c - 1 = 0, -16*c + 12*c = -3*k + 17. Suppose 2047 + 2258 = k*i. What are the prime factors of i?
5, 7, 41
Suppose -12*w - 3198 = -z - 10*w, -4*w + 3180 = z. List the prime factors of z.
2, 3, 7, 19
Let f be -17*(-1 - (-5 - -3)). Let c(u) = u**3 + 16*u**2 - 16*u - 5. Let k be c(f). Let w = k - -65. What are the prime factors of w?
43
Suppose -10 = -2*o, b - 589 - 154 = 5*o. Let j = b - 436. Suppose -2*i + 332 = -h + 6*h, -h = 2*i - j. What are the prime factors of i?
2, 83
Let t = -37257 - -72493. List the prime factors of t.
2, 23, 383
Let q be ((-27)/(-12))/((-6)/(-144)). Let d = q + -49. Let r(b) = -b**2 + 6*b - 2. List the prime factors of r(d).
3
Suppose 0 = -3*h + 3*j + 12747, -12783 = 151*h - 154*h - 3*j. List the prime factors of h.
5, 23, 37
Suppose -3*c - 4*v - 50 = 0, 2*c + 2*c = 5*v - 15. Let u(n) = -n**3 - 11*n**2 - 12*n - 23. Let h be u(c). What are the prime factors of 12 + 3 + 2/(-6)*h?
2
Suppose 4*w - 28 = 4*h + 4, 2*h = -2*w - 4. Suppose -5*d - 2750 = -5*s, 0*s - d = w*s - 1646. List the prime factors of s.
3, 61
Let o(h) = -h**3 - 9*h**2 - 12*h + 3. Let x be o(-7). Let z(d) = -d**3 - 6*d**2 + 10*d + 52. What are the prime factors of z(x)?
547
Let w = 13587 - 7636. What are the prime factors of w?
11, 541
List the prime factors of 108178/(-6)*(-819)/637.
3, 7727
Suppose 4*d - 1723 = 2*z - 5*z, 5*z + 2*d - 2895 = 0. Suppose z + 76 = 3*x. List the prime factors of x.
3, 73
Let a = -461 - -461. Suppose -546 = 4*s - 2922. Suppose 3*h - 5*n - 592 = a, -3*h + 5*n + s = 2*n. List the prime factors of h.
199
Let h(a) = -a**2 - 15*a - 41. Let w be h(-12). What are the prime factors of 309 + (w - -13)/4?
311
Let b = 2167 + -869. List the prime factors of b.
2, 11, 59
Let b(q) = -12*q + 17*q**2 - 34 + 136 - 19*q + 56*q. List the prime factors of b(-6).
2, 3, 47
Let t be ((-1)/2)/(2/(-20)). Suppose -t*u - 61 - 19 = 0. What are the prime factors of (-58)/(-1) - 4/(u/12)?
61
Let i = -18635 - -45109. List the prime factors of i.
2, 7, 31, 61
Suppose -302466 + 12861 = -15*o. What are the prime factors of o?
43, 449
Suppose -17*m + 93 = -20*m. Let g = 35 + m. Suppose 483 = g*l - 137. List the prime factors of l.
5, 31
Let i(d) = -d**3 - 6*d**2 - 1. Let a be i(-7). What are the prime factors of 4086/3*4*4/a?
2, 227
What are the prime factors of ((-694099)/(-21) - -12) + ((-40)/(-15) - 3)?
2, 4133
Suppose -2*g + 7 = -a + 13, 4*g - 8 = -3*a. Let r(p) = 406*p**2 - 10*p - 10. List the prime factors of r(g).
2, 7, 29
Suppose -4*w + 120881 = -3*h + 2*h, -4*w = 5*h - 120851. What are the prime factors of w?
3, 7, 1439
Let q(k) = -6*k**3 - 12*k**2 + 20*k - 1. Let p(y) = 31*y**3 + 60*y**2 - 100*y + 7. Let n(a) = -2*p(a) - 11*q(a). List the prime factors of n(6).
3, 17, 23
Suppose -4*b - 5*m = -0*m - 2249, 1658 = 3*b - 2*m. Let u = b - 292. List the prime factors of u.
2, 3, 11
Let x(w) = 34*w**2 + 41*w + 57. What are the prime factors of x(14)?
5, 1459
Let y be 1 - (5 - 0) - 7. Let t(u) = u**2 + 7*u - 38. Let r be t(y). What are the prime factors of ((r + -1)/(-10))/(3/(-138))?
23
List the prime factors of (-11582)/(-1 + 4 - 25/5).
5791
Suppose 5*x - 37712 = 7508. What are the prime factors of x?
2, 7, 17, 19
Let f = 17766 + -8481. List the prime factors of f.
3, 5, 619
Let z be (-20)/(-8)*(-36)/(-30). Suppose -4*l - 3*m + 8*m = -1510, z*m - 386 = -l. List the prime factors of l.
2, 5, 19
Let g = -9417 - -11041. What are the prime factors of g?
2, 7, 29
Let h(j) = 9*j**2 + 93 + 12*j - 102 + 3*j**3 + j**2. Let w be h(-7). What are the prime factors of w/(-64) - (-2)/16?
2, 5
Let n = 40710 - 23416. List the prime factors of n.
2, 8647
Let d be (-34)/(-14) + -2 + (-99345)/(-259). Let z = -315 + 63. Let n = d + z. List the prime factors of n.
2, 3, 11
Let n(x) = x**3 + 8*x**2 + 7*x + 58. Let c be n(-8). Suppose 5*y - 429 = -c*h, h + 28 = 4*y + 275. What are the prime factors of h?
227
Let k(v) = -v**3 + 9*v**2 - 13*v - 12. Let o be k(7). Let r(f) = -10 - 3*f + 2*f**2 + 3*f - f**2 - f. List the prime factors of r(o).
2, 5
Suppose 3*q - 811 = h, 9*h - 4*q + 3204 = 5*h. Let u = 1236 + h. List the prime factors of u.
2, 5, 11
Let f(u) = 24*u**2 - 99*u - 1027. What are the prime factors of f(-35)?
2, 15919
Suppose 0 = -17*b + 1752 + 781. Let a(y) = -20*y**2 + 3*y - 3. Let g be a(2). Let p = b + g. List the prime factors of p.
2, 3
Suppose -10*y - y - 99 = 0. List the prime factors of (y/(-3) - 3) + (-896)/(-7).
2
Let f = -1070 + 1092. Suppose -2*a + 25 = v, -4*a = 3*v - 0*a - 77. Suppose -v - f = -7*s. What are the prime factors of s?
7
Let i = 130 - 72. Suppose 3*x = 6, -199 + 3146 = 5*u - 4*x. Suppose -11*t + u = -i. List the prime factors of t.
59
Let h(s) = -188*s + 15. Let a be (3/(-1) - -2)*6. Let p be h(a). Suppose -2*y = 3*m - 573, 4*m - p = -4*y - m. What are the prime factors of y?
2, 3, 47
Suppose 5*b - 100470 = 4*c, 54*b - 40185 = 52*b + c. What are the prime factors of b?
2, 5, 7, 41
What are the prime factors of (63348/3)/(12/6)?
2, 5279
Let h = 47 - 75. Let p be (-6)/(-45) - h/15. What are the prime factors of p - -34 - (3 - 2)?
5, 7
Let f = 33 + -35. Let m be -1 + 9/3 + (f - -4). Suppose o + 3*i - 108 = 58, m*o - 4*i - 728 = 0. What are the prime factors of o?
2, 89
What are the prime factors of (-4)/(-10)*((-944875)/10)/(-5)?
7559
Let x = -50 + 24. Let q(w) = -10 - 7 + 17*w - 20*w + 27*w + w**2. List the prime factors of q(x).
5, 7
Suppose -7*n + 0 = -28. Let v = n + 5. Suppose -v*j + 42 = -7*j. What are the prime factors of j?
3, 7
What are the prime factors of 124/(20/14070*7)?
2, 3, 31, 67
Let p = -91106 + 180143. What are the prime factors of p?
3, 13, 761
Suppose -9*n - 2*n = -22. Suppose -n*p - p = -15. Suppose -p*j + j = -940. List the prime factors of j.
5, 47
Suppose -5*j = -11*j + 432. Suppose 30 = -71*z + j*z. What are the prime factors of z?
2, 3, 5
List the prime factors of ((-1917328)/(-714))/((-2)/(-3)).
2, 19, 53
Suppose -36202 = -2*q + 2*u, 72422 = 4*q + 17*u - 30*u. What are the prime factors of q?
3, 2011
List the prime factors of 4*4/48 + 521488/33.
15803
Let r(u) = -3911*u - 4051. List the prime factors of r(-4).
11593
Suppose 0 = -3*s + 3, i + 0*i = 3*s - 1515. Let p = i + -1596. What are the prime factors of 1/(p/(-776) + -4)?
2, 97
Suppose -40*y + 11*y + 551 = 0. Suppose -2274 = -5*o + j, 5*o - 15*j - 2254 = -y*j. What are the prime factors of o?
2, 227
Let f = -5703 - -10116. What are the prime factors of f?
3, 1471
Suppose -153*b + 24750 = -295*b + 153*b. What are the prime factors of b?
2, 3, 5
Suppose -2*v - 3*j - 563 = 0, -3*v + 2*j = -459 + 1271. Let b = v + 290. List the prime factors of b.
2
Let o(t) = -5 + 56*t + 2 - 8. Let z(k) = -56*k + 11. Let x(m) = -5*o(m) - 4*z(m). What are the prime factors of x(-2)?
3, 41
Let l(o) = -o - 5. Suppose 8*t - 6 = 26. Let m be l(t). Let c(d) = -d**3 - 9*d**2 - 7*d - 1. List the prime factors of c(m).
2, 31
Let s(w) = -245*w + 57. Let h be s(-4). Suppose 0 = 14*y - 2561 - h. What are the prime factors of y?
257
Suppose 4*s + 2*n = -750, 0 = -5*s + n - 6*n - 930. List the prime factors of (s/(-15) + 0)/((-12)/(-60)).
3, 7
Suppose -2*r + 16 = 2*t, -3*t + 38 - 6 = 5*r. Suppose 0 = 9*h - t*h + z + 4907, -2*h - 1954 = -4*z. List the prime factors of -5*(2/(-15))/((-3)/h).
2, 109
Let w(g) = g**2 - 32*g - 32. Let z be w(38). Let n = 525 - z. What are the prime factors of n?
7, 47
Suppose -2*p - p - 134179 = -4*q, 4*q - 5*p - 134165 = 0. List the prime factors of q.
2, 5, 11, 61
Let d = 39 + -28. Suppose 5*n - d*n - 120 = 0. List the prime factors of (-10)/n*(151 - -1).
2, 19
What are the prime factors of (-3708)/3296 + (-549634)/(-16)?
34351
Let f = -36940 - -95197. List the prime factors of f.
3, 6473
Let a = -3151 - -2776. Suppose 660 = 2*c - 5*c. Let m = c - a. List the prime factors of m.
5, 31
Let o